3/(-9). Let h = 3 + -3. Suppose o - i = -h*o. Is o prime?
False
Suppose 0 = 3*d - 3 - 3. Suppose 4*c = -d*a - c + 267, -5*a = c - 610. Is a a prime number?
False
Suppose -3*d = -0*d - 3. Let u be ((-9)/(-12))/(d/4). Suppose -u*w + 62 + 1 = 0. Is w a composite number?
True
Suppose 2*b - 46 = b. Is b composite?
True
Let l be (-3 + 0)*1299/(-9). Let t = l + -281. Suppose -3 = -5*u + t. Is u prime?
True
Suppose -2*z - 5 = -3*u, 2*u + 2*z = -z + 12. Suppose -14 = -4*q + u*r - r, 5*r = -5*q + 10. Suppose 72 = k - q*g, -k + g + 208 = 2*k. Is k a prime number?
False
Suppose 454 = 8*c + 30. Is c prime?
True
Suppose -3*r = -0*r - 15. Suppose 0 + 3 = -d - j, r*d = -2*j. Suppose 0 = d*o - 74 + 4. Is o a prime number?
False
Is ((-130)/(-40))/((-2)/(-16)) prime?
False
Suppose -3*v = -5*c - 19592, -5*v = -4*c + 3*c - 32690. Is v a prime number?
False
Suppose -10 = -s - 2*y, -3*y = -s - 4*y + 5. Let p = s - -5. Suppose -p*r + 140 = -r. Is r a composite number?
True
Let z(q) = -q**3 + 7*q**2 + 10*q - 11. Let l be z(8). Suppose -3*i - 2*x = i - 58, -l*i + 65 = 4*x. Suppose -5*y = -3*r + 2 + 4, -i = -2*r - y. Is r composite?
False
Let l(a) = a + 10. Let q be l(-9). Suppose 5*b = 4*b + q. Is b*(3 - 1 - -47) a prime number?
False
Let n = -287 + 1018. Is n composite?
True
Suppose -2*h - h = 42. Let n be 69/(-2)*4/(-2). Let x = h + n. Is x prime?
False
Suppose 1 = -2*u - 1. Is (1/u)/((-4)/988) composite?
True
Suppose 2*m + 9208 = 10*m. Is m composite?
False
Suppose -a - 3*s - 6 = 0, -8 = 4*a - 3*s + 16. Is (-4)/a + 330/18 composite?
False
Let u(o) = -o - 3. Let w be u(-6). Is 62/(-4)*(1 - w) a prime number?
True
Let h(a) = -a**2 + 9*a + 8. Let v be h(9). Let i = v + -4. Suppose 0*p = -i*p + 8. Is p prime?
True
Is 146 + 8 + (-1 - -2) composite?
True
Suppose u + u - 14 = 0. Suppose -u*d = -2*d - 130. Is d a composite number?
True
Let n(f) be the second derivative of f**5/20 - 11*f**4/12 + 13*f**3/6 - 13*f**2/2 + 2*f. Is n(12) a composite number?
True
Let i = 3 - -35. Is i prime?
False
Suppose l = -5*s - 0*l + 124, 8 = 2*l. Is (-18)/s - (-7630)/8 composite?
False
Let s(a) = 2*a**2 - 7*a - 4. Is s(6) prime?
False
Let w = 434 + -165. Is w composite?
False
Is (-428)/(-3) + 9/27 a composite number?
True
Suppose 0 = 4*x + 4 + 8. Let p = -1 + x. Is p/(-14) - (-243)/7 prime?
False
Let i = -11 + 10. Let u = 168 - 110. Is u - (4 - (0 - i)) composite?
True
Let p(n) = n**3 + 5*n**2 - 3*n - 13. Let r(v) = -2*v**3 - 4*v**2 - 2 + 3*v + v**3 + 14. Let u(f) = -5*p(f) - 6*r(f). Is u(6) prime?
False
Let g = 4 - -1. Let x = g - 4. Is 2 - (-49 + -3 + x) a prime number?
True
Let x = 0 - -3. Suppose 0 = -x*o + o. Suppose -3*v + f + 4*f = -63, o = v - 4*f - 21. Is v prime?
False
Suppose -3*a - f = -1714 - 5401, 4*a + f - 9486 = 0. Is a a prime number?
True
Let w = 0 + 2. Let o be (-3 + 4)*2/w. Let m = o + 132. Is m prime?
False
Let p(r) = r**3 + 9*r**2 - 9*r - 4. Is p(-9) prime?
False
Let b = 5 - -16. Let m be (b/14)/(3/56). Is 26/4*m/2 composite?
True
Let p(c) = 401*c - 4. Let j be p(-4). Let i = 1148 + j. Is i/(-6) - 2/(-6) a prime number?
False
Let y(t) = t**3 - 8*t**2 + 10*t - 9. Let p be y(6). Let u = 142 - p. Is u a composite number?
False
Let q = -5 - -6. Let p be (-3)/2*-2 - q. Is 68 + -2*1/p a prime number?
True
Suppose 0 = h + 6*j - j - 27, -18 = -4*h - 2*j. Suppose 4*x = -3*q + 115, -h*x + q - 5*q = -70. Is x composite?
True
Let r(h) = -h**3 + 3*h**2 + h. Let p be r(3). Let t be p/12 + (-34)/8. Is t/(-10) - 633/(-5) prime?
True
Let i(o) = o**2 - 3*o - 7. Let v be i(5). Suppose 7 = 2*n + v*d, 14 = 3*n + 2*d - 4. Is (-654)/(-14) - n/(-28) a prime number?
True
Suppose d + 2*g - 105 = 0, 3*g = 2*d - 7*d + 525. Suppose -54 = -3*a + d. Is a a composite number?
False
Is 0 - 2 - (-9 + 5) prime?
True
Let n(t) = 68*t**2 - 6*t + 5. Is n(-5) a prime number?
False
Suppose 0 = 5*k + 4*m - 1443, 4*m - 297 = -k + 6*m. Is k composite?
True
Let h(x) = -x**2 - 4*x. Let m be h(-4). Suppose -c + 4*t + 459 = m, 2232 = 4*c + c + t. Is c composite?
True
Let r(l) = l**2 + 2*l. Let i be r(-4). Let h be (4/(i/(-6)))/(-1). Suppose 92 = h*t + t. Is t a composite number?
False
Suppose 4*u = -0*u + 892. Is u a composite number?
False
Let n(t) = -27*t - 1. Let f be (-3 - (-3 + -2))*-2. Let s be 14/(-4) - 6/f. Is n(s) a prime number?
True
Let m be 4/(-22) - 9/11. Suppose 4*f - 10 = 26. Is f - (-2 + 1) - m a composite number?
False
Suppose 4*v + 215 - 15 = 0. Let g = 73 + v. Is g a composite number?
False
Let b(l) = l**2 + 5*l. Let k be b(-5). Let v = k + 3. Suppose -8*t + 445 = -v*t. Is t prime?
True
Let s be (204/8)/((-1)/(-2)). Suppose s = b + 13. Suppose 4*p = -q + 58, 2*q + 0*q = 3*p - b. Is p composite?
True
Is (-13)/1*-23 + -4 a prime number?
False
Let c(j) = j**2 + 2*j + 2. Let t be c(-2). Suppose l + 0 = t. Is 9/6*2*l a prime number?
False
Let c(v) = 0 - v - 4 - 3. Is c(-9) composite?
False
Let s(w) = 30*w**2 + 3*w - 1. Suppose r + 2 = -2. Is s(r) a composite number?
False
Suppose -68 = -5*j - 18. Let t(w) = w**2 + w + 9. Is t(j) a prime number?
False
Suppose 4*r = 47 + 665. Is r a composite number?
True
Suppose 4*l - 3*q = 3437, -2*l + 1751 = 5*q - 0*q. Is l a composite number?
False
Suppose -2*j - 2*r + 21 = -287, 0 = j - 3*r - 134. Is j/(-4)*-2*2 composite?
False
Suppose -2*d = -0*d - 430. Is d a composite number?
True
Let f = -40 - -61. Let u be 3*f/(-3)*-8. Let q = -119 + u. Is q a composite number?
True
Suppose 1 = 2*o + 21. Is 65/7 + o/35 a prime number?
False
Let a(h) = -h**3 + h**2 + 2*h + 4. Let r be a(-3). Suppose -v = -3*g + r, 0*g - 2*v = -3*g + 35. Is g prime?
True
Let x(k) = 29*k + 3. Is x(4) a composite number?
True
Suppose 0 = -8*v + 12*v - 740. Suppose -5*t = -6*l + l - v, 5*t - 2*l - 185 = 0. Is t a composite number?
False
Let k(n) = 317*n**2 + 10*n + 10. Is k(-3) prime?
True
Let q(m) = -6*m + 2*m - 4*m + 0*m + 3. Let i be q(-4). Is i - (-1 + 0 - -1) prime?
False
Is 1 - 2 - 130/(-15)*543 a composite number?
True
Let w be 4/(-2)*4/(-4). Suppose j = -3*y - w*y + 37, 0 = 4*j + 2*y - 94. Is j composite?
True
Let l(m) = -m - 4. Let u be l(-6). Suppose 40 = u*w + o + 4*o, w + 3*o - 19 = 0. Is w prime?
False
Let m = -11 + 85. Suppose -4*d + 4*c + 112 = 0, 2*d + 0*d + 4*c - m = 0. Is d composite?
False
Let q = -6 + 5. Let u be q*-1*(-1 - -4). Is 92/3 + u/9 prime?
True
Let d(z) = 2*z**3 - 17*z**2 - 10*z + 4. Is d(15) composite?
True
Suppose 2*o + 6 = 16. Let a(n) = 41*n - 6. Is a(o) a composite number?
False
Is ((-70)/25 - -3) + 11614/5 a composite number?
True
Suppose 13*j + 140 = 17*j. Is j composite?
True
Let j = 2 - 3. Is 2*6 + j/1 a prime number?
True
Suppose 4*j - 8*j + 1384 = 0. Is j a prime number?
False
Let u(f) = -3*f + 1. Let l be u(6). Let o = 27 + l. Is o a composite number?
True
Suppose 4*u - 7*p = -10*p + 1808, -u - 5*p + 469 = 0. Is u composite?
False
Is (-28 - -27)/((-1)/253) a composite number?
True
Let l(c) be the first derivative of -2 + 19/2*c**2 + 0*c. Is l(1) composite?
False
Let y = 201 - -106. Is y a prime number?
True
Let h(i) = -39*i - 1. Suppose 5*s - b + 31 = 0, 0*b - 2*b - 15 = s. Let o be (4 - 3 - 0) + s. Is h(o) a composite number?
False
Suppose -3*t + 3*g = -5*t, -4*t = -4*g - 20. Let c = 0 - t. Is 2 + 0/((-9)/c) composite?
False
Is 5*30/5 - -1 composite?
False
Let x(w) = w**2 + 7*w + 7. Let s be x(-5). Let v(k) = k**3 + 4*k**2 + 3*k + 2. Let f be v(s). Suppose -f = -2*p - g, 21 = 3*p - 4*g + g. Is p prime?
True
Let t be 3/((-6)/134)*6. Is (3/2)/((-9)/t) a composite number?
False
Suppose 2590 = l + 3*q, -10395 = -6*l + 2*l - 5*q. Is l a prime number?
False
Let l(t) = -t + 71. Let i be l(0). Suppose -4*n + 113 + i = 0. Is n prime?
False
Suppose 5*n - 5247 = 2108. Is n composite?
False
Suppose x - 6125 = -4*h, 0 = -4*h + 4*x + 5774 + 346. Is h a composite number?
False
Let b = -161 + 552. Is b prime?
False
Suppose 2*l + 1247 = 5*c + 5*l, -l + 745 = 3*c. Is c a prime number?
False
Suppose 72 = v - 22. Is v a prime number?
False
Suppose 3*u = -u - 48. Let i = u - -4. Let a = i + 23. Is a prime?
False
Suppose -3*o = -0*o. Let p = 119 - o. Is p a composite number?
True
Let g(r) be the third derivative of -7*r**4/8 + 2*r**3/3 + 6*r**2. Is g(-3) a composite number?
False
Suppose 2*f + 26 = 4*l - 0*f, 12 = -2*l - 4*f. Suppose -l*z + 0*v + 2686 = -2*v, 0 = 5*z - v - 3